ose 16 = t*k - 56. What are the prime factors of k?
2, 3
Let r(o) = o + 3. Let i be r(-3). Let a(b) = 5*b + i*b - 1 + b. What are the prime factors of a(1)?
5
Suppose -4 - 12 = -2*v. What are the prime factors of v?
2
Let k be ((-4)/5)/((-4)/50). Let u(p) = p**3 + 3*p**2 - p - 4. Let i be u(-3). Let h = k + i. List the prime factors of h.
3
Let z(t) = t**2 - t - 1. Let a be z(2). List the prime factors of 13 + (-2 - a/1).
2, 5
List the prime factors of 486/15 - 8/20.
2
Let f(h) = 6*h**2 - 3*h**2 - h**3 + 7 - 2*h**2. What are the prime factors of f(0)?
7
Let n be 0/8*1/2. Suppose -3*x + 4*x - 33 = n. List the prime factors of x.
3, 11
Let k = 0 - -4. Suppose -f - 4*r + 84 = f, 4*r - 148 = -k*f. List the prime factors of f/12*6/2.
2
Suppose 284 = 14*t - 38. List the prime factors of t.
23
Suppose -3 = -5*x + 7. Let o(m) = 1 - 2 - 3 + 3 - m + m**x. What are the prime factors of o(4)?
11
Let p(h) = 5*h + 9. What are the prime factors of p(7)?
2, 11
Let s(r) = -r**2 - 7*r - 10. Let o be s(-7). Let h = 0 - o. Let b(z) = 2*z - 11. List the prime factors of b(h).
3
Suppose 0 = -2*n - 5*h + 8 + 16, 0 = 4*n - 3*h + 4. List the prime factors of (n/5)/(3/90).
2, 3
Suppose 4*d - 664 = 120. List the prime factors of d.
2, 7
Let j(u) be the third derivative of -u**5/60 - u**3/2 + u**2. Let f(c) be the first derivative of j(c). What are the prime factors of f(-6)?
2, 3
Let z = 96 - -3. List the prime factors of z.
3, 11
Let f be 34*(3 + 4/(-2)). Suppose -41 = -7*a + 3*a + 5*t, -4*a = 2*t - f. List the prime factors of a.
3
Suppose 57 = 2*p - g, -3*p - 4*g + 115 = 13. List the prime factors of p.
2, 3, 5
Suppose -3*i + 2*p = -18, -2*p = -4*i + 5 + 17. Suppose -c - 10 + 30 = i*g, 4*c - g = 12. What are the prime factors of c?
2
Let g be -18 - (3 + -1 + 0). Let q = g + 30. What are the prime factors of q?
2, 5
Let p(o) = -3*o - 1. Let x be p(-1). Suppose x = y - 0. List the prime factors of y.
2
Let r(k) = -k**3 - 7*k**2 + 6*k - 3. Let y be r(-8). Let m be (-2 + y - 0) + 1. Suppose -m = g - 4*g. What are the prime factors of g?
2
Suppose -4*c - w - 1 = 2, 0 = 2*c - 5*w - 15. Suppose 0 = -3*z + 6 - c. List the prime factors of z/(-1)*5*-1.
2, 5
Let t(p) = 4 + 0*p - p + 5*p - 5*p. List the prime factors of t(2).
2
Suppose 10*g + 336 = 12*g. What are the prime factors of g?
2, 3, 7
Suppose y + y = 0. Suppose 4*g = -4*n + 5*g + 13, 0 = -5*n - 5*g - 15. Suppose -2 = a, j = -y*a - n*a. What are the prime factors of j?
2
Let x(i) = -12*i - 1. Let c(a) = -a**3 - 3*a**2 - a - 4. Let l be c(-3). What are the prime factors of x(l)?
11
Suppose 3*a = 3*r - 21, -2*a + 4 = -r + 2*r. Suppose -r = x - 18. List the prime factors of x.
2, 3
Let a(u) = -51*u. Let z(x) = 25*x. Let m(f) = -2*a(f) - 5*z(f). Let j be m(-2). Suppose 0*i = 4*i - 3*d - 33, -2*d = 3*i - j. List the prime factors of i.
2, 3
Let r(k) = -k**3 + 3*k**2 + 2. Let b be r(3). Suppose 0 = -0*v - v + b. What are the prime factors of v?
2
Suppose -3*z + 2*z = 4*g - 44, 0 = -g - 5*z - 8. Suppose g*w - 13*w = -26. List the prime factors of w.
2, 13
Let l be 3 - 3 - (-9)/1. Suppose -5*a + 4*d + 59 = 0, 5*d - l = -a + 3*d. List the prime factors of a.
11
Let i(u) = u**3 + 2*u**2 - 4*u - 9. What are the prime factors of i(4)?
71
Let w be 8/(-4) - (-6)/2. Suppose 1 = i - w. List the prime factors of i.
2
Suppose 2*t - 2 = 0, 5*t = -c + 2*c + 2. Let o(v) = 4 + v**c - 2*v**3 - 2 + 8*v**2. What are the prime factors of o(8)?
2
Suppose 0 = h - 3 + 1. List the prime factors of 17 + h + (2 - 5).
2
Let x be (-3)/12 - (-2)/8. Let l(m) be the third derivative of -m**6/120 + 2*m**3/3 - 6*m**2. What are the prime factors of l(x)?
2
Suppose -a = -2 - 3. Suppose 17 = a*l - 8. Suppose -2*k + l*k - 15 = 0. What are the prime factors of k?
5
List the prime factors of (-304)/(-24)*(1 + 2).
2, 19
Let o be -15 + 0 + (-2)/(-1). Let j = o + 20. List the prime factors of j.
7
Let v be -19*8/(-4) + -1. Let i = v + 6. List the prime factors of i.
43
Let v be 14/4 - 2/4. Let g be ((-6)/(-8))/(v/12). Let o(f) = f**3 - f**2 - 2*f + 3. What are the prime factors of o(g)?
3, 5
Let p be 6/15 + 46/10. Suppose -p*l + 2*l = 0. Suppose -3 = -l*u - u. List the prime factors of u.
3
Let p(i) = -20*i**2 - 4*i - 2. Let f(w) = w + 1. Let q(v) = -3*f(v) - p(v). List the prime factors of q(1).
2, 5
Suppose -11 = 5*k + 2*l, 5*l - 3*l = -6. Let m = -7 + k. What are the prime factors of m/(-3 + 2) + -1?
7
Suppose 52 = 4*k - 32. Let d = 15 + k. What are the prime factors of d?
2, 3
Suppose 2*s + 2 = 0, -2*s - 35 = -2*m + 7. Suppose 4*r + m = b, b + r - 22 = 3. What are the prime factors of b?
2, 3
Let w(h) = -h**3 - 13*h**2 + 16. Let i be w(-13). Let x = i + -6. List the prime factors of x.
2, 5
Let h be (-20)/(-6)*(-6)/2. Let a(w) be the third derivative of -w**4/24 - 4*w**3/3 - 2*w**2. List the prime factors of a(h).
2
What are the prime factors of (3 - 0) + 4 + 1 + -2?
2, 3
Let b = -4 - -124. List the prime factors of b.
2, 3, 5
Suppose 2*i - 1 - 5 = 0. Suppose i*m - 27 = 66. What are the prime factors of m?
31
Let d(v) = 2*v**2 + 13*v - 3. What are the prime factors of d(-8)?
3, 7
Suppose 3*r - 20 = -2*a, -a + 3*a - 12 = -2*r. Let w be 2/r - (-111)/(-12). Let t = 0 - w. List the prime factors of t.
3
Let o(x) = 2*x - 8. Suppose -25 = -0*q - 5*q. What are the prime factors of o(q)?
2
Let g(p) = p**3 + 5*p**2 - 7*p - 2. Let v be g(-6). Let q(u) = -u + 1. Let t(s) = -3*s + 2. Let n(y) = -4*q(y) + t(y). What are the prime factors of n(v)?
2
Let i(f) = -f**3 - f - 1. Let j(q) = 3*q**3 + 8*q**2 + 9*q + 5. Let d(r) = 2*i(r) + j(r). Let u be ((-1)/2)/((-1)/(-14)). List the prime factors of d(u).
3
Let m = 76 + -42. List the prime factors of m.
2, 17
Let f(u) = -u**3 + 5*u**2 + u - 4. Let i be -3 - (-21)/((-6)/(-2)). Let x = 7 - i. What are the prime factors of f(x)?
17
Let g be 8 + -2 + 4 + -2. Let k(o) be the third derivative of -o**6/120 + 3*o**5/20 - 7*o**4/24 + o**3/2 + o**2. What are the prime factors of k(g)?
11
List the prime factors of (-5 + 4 - 3) + 10.
2, 3
Let a(o) = -2*o + 12. Let f be a(6). Suppose 2 = -y, 2*i = -f*i - 3*y + 48. What are the prime factors of i?
3
Let s(i) = -3 + 3 - i - 4. Let p be s(-6). List the prime factors of p + -1 - (-10 + 4).
7
Let v be 1 - (-5 - (-2 + -2)). Suppose -8 = -v*a + 38. List the prime factors of a.
23
Let t = 186 + 45. What are the prime factors of t?
3, 7, 11
Let k be ((-6)/4)/((-4)/(-16)). Let b(i) = i**2 - 2 + 2*i + 2*i + 4 + 5. List the prime factors of b(k).
19
Let a = 2 + -2. Let p(j) = j**2 + j - 1. Let g be p(a). What are the prime factors of 9 + (0 - (1 - g))?
7
Let k(t) = t**3 + 2*t - 3. Let d be k(2). Suppose -2*h = 4*f + 22, -3*f - 5*h = 6 - 0. Let l = f + d. What are the prime factors of l?
2
Suppose -11*h + 117 = -8*h. What are the prime factors of h?
3, 13
Suppose -35 = -4*o - 5*g, 38 = 5*o + 4*g + 1. What are the prime factors of o?
5
Let v(f) = 5*f + 2 + 0 - 6*f. Let m be v(-2). Let a(i) = i - 2. List the prime factors of a(m).
2
Let x(j) = j**2 + 2. Let y = 7 - -14. Suppose 5*o = -2*u - 9, 2*o - 5*u + y = -0*u. List the prime factors of x(o).
11
Suppose 25 = p - 4*i, 3*p - 2*i - 35 = 2*i. List the prime factors of p.
5
Suppose -2*w + 8 = 2*w. What are the prime factors of w?
2
Suppose 0 = -l - 3 + 17. Let y = l - 8. What are the prime factors of y?
2, 3
Let c = -482 - -765. List the prime factors of c.
283
Let m = 77 + -25. What are the prime factors of m?
2, 13
Let q = 133 + -105. What are the prime factors of q?
2, 7
List the prime factors of (-903)/(-6)*1/(-1)*-2.
7, 43
Let k(h) = h - 7. Let n be k(6). Let f be ((-4)/3)/(n/(-3)). List the prime factors of (-2 + 10)/((-2)/f).
2
Let v be (4/(-6))/(1/12). Let f = v - -14. Let c(l) = l**3 - 7*l**2 + 9*l - 7. What are the prime factors of c(f)?
11
Suppose 6*j - 2*d = j + 480, -3*d - 279 = -3*j. Let u = j - 58. List the prime factors of u.
2, 5
Let u be -1 - 0/(-1 - 2). Let l be (-1 - (-1 + 2))/u. Suppose l*o + 4 = 3*o. What are the prime factors of o?
2
Suppose 29*r - 32*r = -750. What are the prime factors of r?
2, 5
Let i = 2 - 2. Suppose i = -5*j + 11 + 4. List the prime factors of j.
3
List the prime factors of (-594)/(-14) + (-4)/(-7).
43
Let o = 15 + -21. Let m = o - -9. Suppose -4*r + 45 + m = 0. What are the prime factors of r?
2, 3
List the p